{"id":1015,"date":"2024-03-13T15:56:36","date_gmt":"2024-03-13T15:56:36","guid":{"rendered":"https:\/\/www.batetreshyn.com\/?page_id=1015"},"modified":"2025-04-03T10:25:09","modified_gmt":"2025-04-03T10:25:09","slug":"actualites","status":"publish","type":"page","link":"https:\/\/www.batreshyn.fr\/index.php\/actualites\/","title":{"rendered":"Actualit\u00e9s"},"content":{"rendered":"\t\t<div data-elementor-type=\"wp-page\" data-elementor-id=\"1015\" class=\"elementor elementor-1015\" data-elementor-post-type=\"page\">\n\t\t\t\t<div class=\"elementor-element elementor-element-5b5eeb3 thegem-e-con-layout-elementor e-flex e-con-boxed e-con e-parent\" data-id=\"5b5eeb3\" data-element_type=\"container\" data-settings=\"{&quot;background_background&quot;:&quot;classic&quot;,&quot;thegem_container_layout&quot;:&quot;elementor&quot;}\">\r\n\t\t\t\t\t<div class=\"e-con-inner\">\r\n\t\t\t\t<div class=\"elementor-element elementor-element-a922f17 flex-horizontal-align-default flex-horizontal-align-tablet-default flex-horizontal-align-mobile-default flex-vertical-align-default flex-vertical-align-tablet-default flex-vertical-align-mobile-default elementor-widget elementor-widget-heading\" data-id=\"a922f17\" data-element_type=\"widget\" data-widget_type=\"heading.default\">\n\t\t\t\t<div class=\"elementor-widget-container\">\n\t\t\t\t\t<h2 class=\"elementor-heading-title elementor-size-default\">Nos r\u00e9alisations<\/h2>\t\t\t\t<\/div>\n\t\t\t\t<\/div>\n\t\t\t\t\t<\/div>\n\t\t\t\t<\/div>\n\t\t\t\t<section class=\"elementor-section elementor-top-section elementor-element elementor-element-7c957411 elementor-section-boxed elementor-section-height-default elementor-section-height-default\" data-id=\"7c957411\" data-element_type=\"section\">\r\n\t\t\t\t\t\t<div class=\"elementor-container elementor-column-gap-thegem\"><div class=\"elementor-row\">\r\n\t\t\t\t\t<div class=\"elementor-column elementor-col-100 elementor-top-column elementor-element elementor-element-227ac175\" data-id=\"227ac175\" data-element_type=\"column\">\n\t\t\t<div class=\"elementor-widget-wrap elementor-element-populated\">\n\t\t\t\t\t\t<div class=\"elementor-element elementor-element-e29d229 flex-horizontal-align-default flex-horizontal-align-tablet-default flex-horizontal-align-mobile-default flex-vertical-align-default flex-vertical-align-tablet-default flex-vertical-align-mobile-default elementor-widget elementor-widget-thegem-extended-blog-grid\" data-id=\"e29d229\" data-element_type=\"widget\" data-settings=\"{&quot;thegem_elementor_preset&quot;:&quot;new&quot;,&quot;items_per_page&quot;:3,&quot;pagination_type&quot;:&quot;scroll&quot;,&quot;loading_animation&quot;:&quot;yes&quot;,&quot;animation_effect&quot;:&quot;move-up&quot;,&quot;blog_readmore_button_text&quot;:&quot;Voir l&#039;article&quot;,&quot;ignore_highlights&quot;:&quot;yes&quot;,&quot;filters_text_labels_clear_text&quot;:&quot;Clear Filters&quot;,&quot;not_found_text&quot;:&quot;No items were found matching your selection&quot;,&quot;sorting_extended_text&quot;:&quot;Default sorting&quot;,&quot;sorting_extended_dropdown_title_text&quot;:&quot;Sort by title (A-Z)&quot;,&quot;sorting_extended_dropdown_title_desc_text&quot;:&quot;Sort by title (Z-A)&quot;,&quot;sorting_extended_dropdown_latest_text&quot;:&quot;Sort by latest&quot;,&quot;sorting_extended_dropdown_oldest_text&quot;:&quot;Sort by oldest&quot;,&quot;portfolio_uid&quot;:&quot;e29d229&quot;,&quot;source&quot;:[&quot;posts&quot;],&quot;blog_show_readmore_button&quot;:&quot;yes&quot;,&quot;additional_meta_click_behavior&quot;:&quot;filtering&quot;,&quot;skin_source&quot;:&quot;default&quot;,&quot;layout&quot;:&quot;justified&quot;,&quot;columns&quot;:&quot;3x&quot;,&quot;columns_tablet&quot;:&quot;2x&quot;,&quot;columns_mobile&quot;:&quot;1x&quot;,&quot;image_size&quot;:&quot;default&quot;,&quot;image_ratio_default&quot;:{&quot;unit&quot;:&quot;px&quot;,&quot;size&quot;:&quot;&quot;,&quot;sizes&quot;:[]},&quot;query_type&quot;:&quot;post&quot;,&quot;exclude_blog_posts_type&quot;:&quot;manual&quot;,&quot;order_by&quot;:&quot;default&quot;,&quot;order&quot;:&quot;default&quot;,&quot;caption_position&quot;:&quot;page&quot;,&quot;image_hover_effect&quot;:&quot;default&quot;,&quot;blog_show_featured_image&quot;:&quot;yes&quot;,&quot;blog_show_title&quot;:&quot;yes&quot;,&quot;blog_show_description&quot;:&quot;yes&quot;,&quot;blog_show_date&quot;:&quot;yes&quot;,&quot;blog_show_categories&quot;:&quot;yes&quot;,&quot;additional_meta_type&quot;:&quot;taxonomies&quot;,&quot;additional_meta_taxonomies&quot;:&quot;category&quot;,&quot;readmore_button_link&quot;:&quot;default&quot;,&quot;filter_type&quot;:&quot;default&quot;,&quot;filter_style&quot;:&quot;buttons&quot;,&quot;search_by&quot;:&quot;content&quot;,&quot;show_pagination&quot;:&quot;yes&quot;,&quot;next_page_preloading&quot;:&quot;yes&quot;,&quot;ignore_sticky_posts&quot;:&quot;yes&quot;,&quot;ajax_preloader_type&quot;:&quot;default&quot;,&quot;image_gaps&quot;:{&quot;unit&quot;:&quot;px&quot;,&quot;size&quot;:42,&quot;sizes&quot;:[]},&quot;image_gaps_tablet&quot;:{&quot;unit&quot;:&quot;px&quot;,&quot;size&quot;:&quot;&quot;,&quot;sizes&quot;:[]},&quot;image_gaps_mobile&quot;:{&quot;unit&quot;:&quot;px&quot;,&quot;size&quot;:&quot;&quot;,&quot;sizes&quot;:[]},&quot;icon_hover_show&quot;:&quot;yes&quot;,&quot;icon_hover_icon&quot;:{&quot;value&quot;:&quot;&quot;,&quot;library&quot;:&quot;&quot;},&quot;blog_title_preset&quot;:&quot;default&quot;,&quot;title_tag&quot;:&quot;div&quot;,&quot;blog_description_preset&quot;:&quot;default&quot;,&quot;caption_container_preset&quot;:&quot;transparent&quot;,&quot;readmore_button_type&quot;:&quot;outline&quot;,&quot;readmore_button_size&quot;:&quot;default&quot;}\" data-widget_type=\"thegem-extended-blog-grid.default\">\n\t\t\t\t<div class=\"elementor-widget-container\">\n\t\t\t\t\t\t\t\t<div class=\"portfolio-preloader-wrapper\">\n\n\t\t\t\t\n\t\t\t\t<div class=\"portfolio portfolio-grid extended-portfolio-grid news-grid no-padding portfolio-pagination-scroll portfolio-style-justified background-style-transparent hover-new-default title-on-page caption-position-page version-new  loading-animation item-animation-move-up      columns-tablet-2 columns-mobile-1 hover-new-default   columns-3 disable-isotope next-page-preloading           \" id=\"style-e29d229\" data-style-uid=\"e29d229\" data-portfolio-uid=\"e29d229\" data-current-page=\"1\" data-per-page=\"3\" data-next-page=\"2\" data-pages-count=\"9\" data-hover=\"new-default\" data-portfolio-filter=\"[]\" data-portfolio-filter-attributes=\"null\" data-portfolio-filter-status=\"null\" data-portfolio-filter-price=\"null\" data-portfolio-filter-search=\"\">\n\t\t\t\t\t\n\t\t\t\t\t<div class=\"portfolio-row-outer \">\n\n\t\t\t\t\t\t\t\t\t\t\t\t\t\t\t\t\t\t\t\t\t\t\t<div class=\"portfolio-top-panel filter-type-default selected-only\">\n\t\t\t\t\t\t\t\t\t\t\t\t\t\t\t\t\t\t\t\t<div class=\"portfolio-top-panel-row filter-style-buttons\">\n\t\t\t\t\t\t\t\t\t\t\t\t\t\t\t\t\t\t\t\t\t\t\t<div class=\"portfolio-top-panel-left\"><div class=\"portfolio-filter-item portfolio-selected-filters  \">\n\t<div class=\"portfolio-selected-filter-item clear-filters\">\n\t\tClear Filters\t<\/div>\n\t<\/div>\t\t\t\t\t\t\t\t\t\t\t\t<\/div>\n\t\t\t\t\t\t\t\t\t\t\t\t\t\t\t\t\t\t\t\t\t\t\t\t\t\t\t\t\t\t\t\t\t\t<div class=\"portfolio-top-panel-right\">\n\t\t\t\t\t\t\t\t\t\t\t\t\t\n\t\t\t\t\t\t\t\t\t\t\t\t\t\t\t\t\t\t\t\t\t\t\t\t\t<\/div>\n\t\t\t\t\t\t\t\t\t\t\t\t\t\t\t\t\t\t\t\t\t<\/div>\n\t\t\t\t\t\t\t\t\t\t\t\t\t\t\t\t\t\t\t<\/div>\n\t\t\t\t\t\t\t\t\n\t\t\t\t\t\t\t\t<div class=\"row portfolio-row\">\n\t\t\t\t\t\t\t\t\t<div class=\"portfolio-set clearfix\"\n\t\t\t\t\t\t\t\t\t\t data-max-row-height=\"\">\n\t\t\t\t\t\t\t\t\t\t\t<div class=\"portfolio-item marquage preparationdesol resinedesol col-xs-12 col-sm-6 col-md-4 item-animations-not-inited before-start post-empty-excerpt post-has-author appearance-type- post-5356 post type-post status-publish format-standard has-post-thumbnail category-marquage category-preparationdesol category-resinedesol tag-marquage tag-preparation-de-sol tag-resinedesol\" style=\"padding: calc(42px\/2)\" data-default-sort=\"0\" data-sort-date=\"1751270229\">\r\n\t\t\t\t\t\r\n\t\t\t<div class=\"wrap clearfix\">\r\n\t\t\t\t\t\t\t\t\t\t\t\t\t<div class=\"image post-5356 post type-post status-publish format-standard has-post-thumbnail category-marquage category-preparationdesol category-resinedesol tag-marquage tag-preparation-de-sol tag-resinedesol\">\r\n\t\t\t\t\t\t<div class=\"image-inner \">\r\n\r\n\t\t\t\t\t\t\t\t\t<picture>\n\t\t\t\t\t\t<img fetchpriority=\"high\" src=\"https:\/\/www.batreshyn.fr\/wp-content\/uploads\/2026\/04\/transparent-thegem-product-justified-square-m.png\" width=\"400\" height=\"400\"  class=\"attachment-thegem-product-justified-square-m\" alt=\"Marquages de sols : s\u00e9curisez et organisez vos espaces efficacement\" style=\"max-width: 110%\" \/>\n\t\t<\/picture>\n\t\t<div class=\"post-featured-content\"><a href=\"https:\/\/www.batreshyn.fr\/index.php\/2025\/06\/30\/marquages-de-sols-securisez-et-organisez-vos-espaces-efficacement\/\">\t\t<picture>\n\t\t\t\t\t\t\t\t\t\t\t\t\t\t\t\t\t<source srcset=\"https:\/\/www.batreshyn.fr\/wp-content\/uploads\/2025\/06\/BAT_INSTA_2025-06-26_Marquage-005-1-thegem-product-justified-square-m.jpg 1x\"   sizes=\"100vw\">\n\t\t\t\t\t\t\t<img src=\"https:\/\/www.batreshyn.fr\/wp-content\/uploads\/2025\/06\/BAT_INSTA_2025-06-26_Marquage-005-1-thegem-product-justified-square-m.jpg\" width=\"400\" height=\"400\"  class=\"img-responsive\" alt=\"BAT_INSTA_2025-06-26_Marquage-005\" \/>\n\t\t<\/picture>\n\t\t<\/a><\/div>\t\t\t\t\t\t<\/div>\r\n\r\n\t\t\t\t\t\t\t\t\t\t\t\t\t<div class=\"overlay\">\r\n\t\t\t\t\t\t\t\t<div class=\"overlay-circle\"><\/div>\r\n\r\n\t\t\t\t\t\t\t\t<div class=\"links-wrapper\">\r\n\t\t\t\t\t\t\t\t\t<div class=\"links\">\r\n\t\t\t\t\t\t\t\t\t\t<div class=\"caption\">\r\n\t\t\t\t\t\t\t\t\t\t\t<a href=\"https:\/\/www.batreshyn.fr\/index.php\/2025\/06\/30\/marquages-de-sols-securisez-et-organisez-vos-espaces-efficacement\/\" class=\"portfolio-item-link\">\r\n\t\t\t\t\t\t\t\t\t\t\t\t<span class=\"screen-reader-text\">Marquages de sols : s\u00e9curisez et organisez vos espaces efficacement<\/span>\r\n\t\t\t\t\t\t\t\t\t\t\t<\/a>\r\n\r\n\t\t\t\t\t\t\t\t\t\t\t\t\t\t\t\t\t\t\t\t\t\t\t\t\t\t\t\t\t\t\t\t\t\t\t\t\t<div class=\"portfolio-icons\">\r\n\t\t\t\t\t\t\t\t\t\t\t\t\t\t\t<a href=\"javascript: void(0);\" class=\"icon self-link\" aria-label=\"Marquages de sols : s\u00e9curisez et organisez vos espaces efficacement\">\r\n\t\t\t\t\t\t\t\t\t\t\t\t\t\t\t\t\t\t\t\t\t\t\t\t\t\t\t\t\t\t\t\t\t<i class=\"default\"><\/i>\r\n\t\t\t\t\t\t\t\t\t\t\t\t\t\t\t\t\t\t\t\t\t\t\t\t\t\t\t\t\t\t\t<\/a>\r\n\t\t\t\t\t\t\t\t\t\t\t\t\t\t<\/div>\r\n\t\t\t\t\t\t\t\t\t\t\t\t\t\t\t\t\t\t<div class=\"info\">\n\t\t\t\t<a class=\"additional-meta\" data-filter-type=\"taxonomies\" data-attr=\"category\" data-filter=\"marquage\">Marquage<\/a><span class=\"sep\"><\/span> <a class=\"additional-meta\" data-filter-type=\"taxonomies\" data-attr=\"category\" data-filter=\"preparationdesol\">Pr\u00e9paration de sol<\/a><span class=\"sep\"><\/span> <a class=\"additional-meta\" data-filter-type=\"taxonomies\" data-attr=\"category\" data-filter=\"resinedesol\">R\u00e9sine de sol<\/a>\t\t\t\t\t<\/div>\n\t\t\t\t\t\t\t\t\t\t\t\t\t\t\t\t\r\n\t\t\t\t\t\t\t\t\t\t\t\t\r\n\t\t\t\t\t\t\t\t\t\t\t\t\t\t\t\t\t\t\t\t\t\t\t\r\n\t\t\t\t\t\t\t\t\t\t\t\r\n\t\t\t\t\t\t\t\t\t\t\t\t\t\t\t\t\t\t\t\t\t<\/div>\r\n\t\t\t\t\t\t\t\t\t<\/div>\r\n\t\t\t\t\t\t\t\t<\/div>\r\n\t\t\t\t\t\t\t<\/div>\r\n\t\t\t\t\t\t\t\t\t\t\t<\/div>\r\n\t\t\t\t\r\n\t\t\t\t\t\t\t\t\t<div class=\"caption post-5356 post type-post status-publish format-standard has-post-thumbnail category-marquage category-preparationdesol category-resinedesol tag-marquage tag-preparation-de-sol tag-resinedesol\">\r\n\r\n\t\t\t\t\t\t\t\t\t\t\t\t\t<div class=\"post-author-date\">\r\n\t\t\t\t\t\t\t\t\t\t\t\t\t\t\t\t\r\n\t\t\t\t\t\t\t\t\t\t\t\t\t\t\t\t\t\t\t\t\t\t\t\t\t\t<div class=\"post-date\">juin 30, 2025<\/div>\r\n\t\t\t\t\t\t\t\t\r\n\t\t\t\t\t\t\t\t\t\t\t\t\t\t\t<\/div>\r\n\t\t\t\t\t\t\t\t\t\t\t\t\t<div class=\"title\">\r\n\t\t\t\t\t\t\t\t<span class=\"title-h4 \"><a href=\"https:\/\/www.batreshyn.fr\/index.php\/2025\/06\/30\/marquages-de-sols-securisez-et-organisez-vos-espaces-efficacement\/\" rel=\"bookmark\">Marquages de sols : s\u00e9curisez et organisez vos espaces efficacement<\/a><\/span>\t\t\t\t\t\t\t<\/div>\r\n\t\t\t\t\t\t\r\n\t\t\t\t\t\t\r\n\t\t\t\t\t\t\t\t\t\t\t\t\t\t<div class=\"read-more-button\">\n<div class=\"gem-button-container gem-widget-button gem-button-position-inline\">\n\t<a id=\"\"\n\t   class=\"gem-button gem-button-size-small gem-button-style-outline\"\n\t   href=\"https:\/\/www.batreshyn.fr\/index.php\/2025\/06\/30\/marquages-de-sols-securisez-et-organisez-vos-espaces-efficacement\/\">\n\t\t<span class=\"gem-inner-wrapper-btn\">\n\t\t\t<span class=\"gem-text-button\">\n\t\t\t\tVoir l'article\t\t\t<\/span>\n\t\t<\/span>\n\t<\/a>\n<\/div>\n<\/div>\r\n\t\t\t\t\t\t\t\t\t\t\t\t<\/div>\r\n\t\t\t\t\t\t\t<\/div>\r\n\t\t\t\t<\/div>\r\n\t<div class=\"portfolio-item filmogene resinedesol col-xs-12 col-sm-6 col-md-4 item-animations-not-inited before-start post-empty-excerpt post-has-author appearance-type- post-5346 post type-post status-publish format-standard has-post-thumbnail category-filmogene category-resinedesol tag-preparation-de-sol tag-resinedesol tag-semi-lisse\" style=\"padding: calc(42px\/2)\" data-default-sort=\"0\" data-sort-date=\"1750615200\">\r\n\t\t\t\t\t\r\n\t\t\t<div class=\"wrap clearfix\">\r\n\t\t\t\t\t\t\t\t\t\t\t\t\t<div class=\"image post-5346 post type-post status-publish format-standard has-post-thumbnail category-filmogene category-resinedesol tag-preparation-de-sol tag-resinedesol tag-semi-lisse\">\r\n\t\t\t\t\t\t<div class=\"image-inner \">\r\n\r\n\t\t\t\t\t\t\t\t\t<picture>\n\t\t\t\t\t\t<img src=\"https:\/\/www.batreshyn.fr\/wp-content\/uploads\/2026\/04\/transparent-thegem-product-justified-square-m.png\" width=\"400\" height=\"400\"  class=\"attachment-thegem-product-justified-square-m\" alt=\"R\u00e9sine semi-lisse : le rev\u00eatement moderne, robuste et facile d\u2019entretien\" style=\"max-width: 110%\" \/>\n\t\t<\/picture>\n\t\t<div class=\"post-featured-content\"><a href=\"https:\/\/www.batreshyn.fr\/index.php\/2025\/06\/22\/resine-semi-lisse-le-revetement-moderne-robuste-et-facile-dentretien\/\">\t\t<picture>\n\t\t\t\t\t\t\t\t\t\t\t\t\t\t\t\t\t<source srcset=\"https:\/\/www.batreshyn.fr\/wp-content\/uploads\/2025\/06\/BAT_INSTA_2025-06-23_Semilisse-UV-002-thegem-product-justified-square-m.jpg 1x\"   sizes=\"100vw\">\n\t\t\t\t\t\t\t<img loading=\"lazy\" src=\"https:\/\/www.batreshyn.fr\/wp-content\/uploads\/2025\/06\/BAT_INSTA_2025-06-23_Semilisse-UV-002-thegem-product-justified-square-m.jpg\" width=\"400\" height=\"400\"  class=\"img-responsive\" alt=\"BAT_INSTA_2025-06-23_Semilisse-UV-002\" \/>\n\t\t<\/picture>\n\t\t<\/a><\/div>\t\t\t\t\t\t<\/div>\r\n\r\n\t\t\t\t\t\t\t\t\t\t\t\t\t<div class=\"overlay\">\r\n\t\t\t\t\t\t\t\t<div class=\"overlay-circle\"><\/div>\r\n\r\n\t\t\t\t\t\t\t\t<div class=\"links-wrapper\">\r\n\t\t\t\t\t\t\t\t\t<div class=\"links\">\r\n\t\t\t\t\t\t\t\t\t\t<div class=\"caption\">\r\n\t\t\t\t\t\t\t\t\t\t\t<a href=\"https:\/\/www.batreshyn.fr\/index.php\/2025\/06\/22\/resine-semi-lisse-le-revetement-moderne-robuste-et-facile-dentretien\/\" class=\"portfolio-item-link\">\r\n\t\t\t\t\t\t\t\t\t\t\t\t<span class=\"screen-reader-text\">R\u00e9sine semi-lisse : le rev\u00eatement moderne, robuste et facile d\u2019entretien<\/span>\r\n\t\t\t\t\t\t\t\t\t\t\t<\/a>\r\n\r\n\t\t\t\t\t\t\t\t\t\t\t\t\t\t\t\t\t\t\t\t\t\t\t\t\t\t\t\t\t\t\t\t\t\t\t\t\t<div class=\"portfolio-icons\">\r\n\t\t\t\t\t\t\t\t\t\t\t\t\t\t\t<a href=\"javascript: void(0);\" class=\"icon self-link\" aria-label=\"R\u00e9sine semi-lisse : le rev\u00eatement moderne, robuste et facile d\u2019entretien\">\r\n\t\t\t\t\t\t\t\t\t\t\t\t\t\t\t\t\t\t\t\t\t\t\t\t\t\t\t\t\t\t\t\t\t<i class=\"default\"><\/i>\r\n\t\t\t\t\t\t\t\t\t\t\t\t\t\t\t\t\t\t\t\t\t\t\t\t\t\t\t\t\t\t\t<\/a>\r\n\t\t\t\t\t\t\t\t\t\t\t\t\t\t<\/div>\r\n\t\t\t\t\t\t\t\t\t\t\t\t\t\t\t\t\t\t<div class=\"info\">\n\t\t\t\t<a class=\"additional-meta\" data-filter-type=\"taxonomies\" data-attr=\"category\" data-filter=\"filmogene\">Filmog\u00e8ne<\/a><span class=\"sep\"><\/span> <a class=\"additional-meta\" data-filter-type=\"taxonomies\" data-attr=\"category\" data-filter=\"resinedesol\">R\u00e9sine de sol<\/a>\t\t\t\t\t<\/div>\n\t\t\t\t\t\t\t\t\t\t\t\t\t\t\t\t\r\n\t\t\t\t\t\t\t\t\t\t\t\t\r\n\t\t\t\t\t\t\t\t\t\t\t\t\t\t\t\t\t\t\t\t\t\t\t\r\n\t\t\t\t\t\t\t\t\t\t\t\r\n\t\t\t\t\t\t\t\t\t\t\t\t\t\t\t\t\t\t\t\t\t<\/div>\r\n\t\t\t\t\t\t\t\t\t<\/div>\r\n\t\t\t\t\t\t\t\t<\/div>\r\n\t\t\t\t\t\t\t<\/div>\r\n\t\t\t\t\t\t\t\t\t\t\t<\/div>\r\n\t\t\t\t\r\n\t\t\t\t\t\t\t\t\t<div class=\"caption post-5346 post type-post status-publish format-standard has-post-thumbnail category-filmogene category-resinedesol tag-preparation-de-sol tag-resinedesol tag-semi-lisse\">\r\n\r\n\t\t\t\t\t\t\t\t\t\t\t\t\t<div class=\"post-author-date\">\r\n\t\t\t\t\t\t\t\t\t\t\t\t\t\t\t\t\r\n\t\t\t\t\t\t\t\t\t\t\t\t\t\t\t\t\t\t\t\t\t\t\t\t\t\t<div class=\"post-date\">juin 22, 2025<\/div>\r\n\t\t\t\t\t\t\t\t\r\n\t\t\t\t\t\t\t\t\t\t\t\t\t\t\t<\/div>\r\n\t\t\t\t\t\t\t\t\t\t\t\t\t<div class=\"title\">\r\n\t\t\t\t\t\t\t\t<span class=\"title-h4 \"><a href=\"https:\/\/www.batreshyn.fr\/index.php\/2025\/06\/22\/resine-semi-lisse-le-revetement-moderne-robuste-et-facile-dentretien\/\" rel=\"bookmark\">R\u00e9sine semi-lisse : le rev\u00eatement moderne, robuste et facile d\u2019entretien<\/a><\/span>\t\t\t\t\t\t\t<\/div>\r\n\t\t\t\t\t\t\r\n\t\t\t\t\t\t\r\n\t\t\t\t\t\t\t\t\t\t\t\t\t\t<div class=\"read-more-button\">\n<div class=\"gem-button-container gem-widget-button gem-button-position-inline\">\n\t<a id=\"\"\n\t   class=\"gem-button gem-button-size-small gem-button-style-outline\"\n\t   href=\"https:\/\/www.batreshyn.fr\/index.php\/2025\/06\/22\/resine-semi-lisse-le-revetement-moderne-robuste-et-facile-dentretien\/\">\n\t\t<span class=\"gem-inner-wrapper-btn\">\n\t\t\t<span class=\"gem-text-button\">\n\t\t\t\tVoir l'article\t\t\t<\/span>\n\t\t<\/span>\n\t<\/a>\n<\/div>\n<\/div>\r\n\t\t\t\t\t\t\t\t\t\t\t\t<\/div>\r\n\t\t\t\t\t\t\t<\/div>\r\n\t\t\t\t<\/div>\r\n\t<div class=\"portfolio-item resinedesol terrazzo col-xs-12 col-sm-6 col-md-4 item-animations-not-inited before-start post-empty-excerpt post-has-author appearance-type- post-5329 post type-post status-publish format-standard has-post-thumbnail category-resinedesol category-terrazzo tag-compazzo tag-preparation-de-sol tag-resinedesol tag-terrazzo\" style=\"padding: calc(42px\/2)\" data-default-sort=\"0\" data-sort-date=\"1750262356\">\r\n\t\t\t\t\t\r\n\t\t\t<div class=\"wrap clearfix\">\r\n\t\t\t\t\t\t\t\t\t\t\t\t\t<div class=\"image post-5329 post type-post status-publish format-standard has-post-thumbnail category-resinedesol category-terrazzo tag-compazzo tag-preparation-de-sol tag-resinedesol tag-terrazzo\">\r\n\t\t\t\t\t\t<div class=\"image-inner \">\r\n\r\n\t\t\t\t\t\t\t\t\t<picture>\n\t\t\t\t\t\t<img loading=\"lazy\" src=\"https:\/\/www.batreshyn.fr\/wp-content\/uploads\/2026\/04\/transparent-thegem-product-justified-square-m.png\" width=\"400\" height=\"400\"  class=\"attachment-thegem-product-justified-square-m\" alt=\"Compazzo, terrazzo : l\u2019\u00e9l\u00e9gance min\u00e9rale dans votre int\u00e9rieur\" style=\"max-width: 110%\" \/>\n\t\t<\/picture>\n\t\t<div class=\"post-featured-content\"><a href=\"https:\/\/www.batreshyn.fr\/index.php\/2025\/06\/18\/compazzo-terrazzo-lelegance-minerale-dans-votre-interieur\/\">\t\t<picture>\n\t\t\t\t\t\t\t\t\t\t\t\t\t\t\t\t\t<source srcset=\"https:\/\/www.batreshyn.fr\/wp-content\/uploads\/2025\/06\/BAT_INSTA_2025-06-19_Compazzo-008-thegem-product-justified-square-m.jpg 1x\"   sizes=\"100vw\">\n\t\t\t\t\t\t\t<img loading=\"lazy\" src=\"https:\/\/www.batreshyn.fr\/wp-content\/uploads\/2025\/06\/BAT_INSTA_2025-06-19_Compazzo-008-thegem-product-justified-square-m.jpg\" width=\"400\" height=\"400\"  class=\"img-responsive\" alt=\"BAT_INSTA_2025-06-19_Compazzo-008\" \/>\n\t\t<\/picture>\n\t\t<\/a><\/div>\t\t\t\t\t\t<\/div>\r\n\r\n\t\t\t\t\t\t\t\t\t\t\t\t\t<div class=\"overlay\">\r\n\t\t\t\t\t\t\t\t<div class=\"overlay-circle\"><\/div>\r\n\r\n\t\t\t\t\t\t\t\t<div class=\"links-wrapper\">\r\n\t\t\t\t\t\t\t\t\t<div class=\"links\">\r\n\t\t\t\t\t\t\t\t\t\t<div class=\"caption\">\r\n\t\t\t\t\t\t\t\t\t\t\t<a href=\"https:\/\/www.batreshyn.fr\/index.php\/2025\/06\/18\/compazzo-terrazzo-lelegance-minerale-dans-votre-interieur\/\" class=\"portfolio-item-link\">\r\n\t\t\t\t\t\t\t\t\t\t\t\t<span class=\"screen-reader-text\">Compazzo, terrazzo : l\u2019\u00e9l\u00e9gance min\u00e9rale dans votre int\u00e9rieur<\/span>\r\n\t\t\t\t\t\t\t\t\t\t\t<\/a>\r\n\r\n\t\t\t\t\t\t\t\t\t\t\t\t\t\t\t\t\t\t\t\t\t\t\t\t\t\t\t\t\t\t\t\t\t\t\t\t\t<div class=\"portfolio-icons\">\r\n\t\t\t\t\t\t\t\t\t\t\t\t\t\t\t<a href=\"javascript: void(0);\" class=\"icon self-link\" aria-label=\"Compazzo, terrazzo : l\u2019\u00e9l\u00e9gance min\u00e9rale dans votre int\u00e9rieur\">\r\n\t\t\t\t\t\t\t\t\t\t\t\t\t\t\t\t\t\t\t\t\t\t\t\t\t\t\t\t\t\t\t\t\t<i class=\"default\"><\/i>\r\n\t\t\t\t\t\t\t\t\t\t\t\t\t\t\t\t\t\t\t\t\t\t\t\t\t\t\t\t\t\t\t<\/a>\r\n\t\t\t\t\t\t\t\t\t\t\t\t\t\t<\/div>\r\n\t\t\t\t\t\t\t\t\t\t\t\t\t\t\t\t\t\t<div class=\"info\">\n\t\t\t\t<a class=\"additional-meta\" data-filter-type=\"taxonomies\" data-attr=\"category\" data-filter=\"resinedesol\">R\u00e9sine de sol<\/a><span class=\"sep\"><\/span> <a class=\"additional-meta\" data-filter-type=\"taxonomies\" data-attr=\"category\" data-filter=\"terrazzo\">Terrazzo<\/a>\t\t\t\t\t<\/div>\n\t\t\t\t\t\t\t\t\t\t\t\t\t\t\t\t\r\n\t\t\t\t\t\t\t\t\t\t\t\t\r\n\t\t\t\t\t\t\t\t\t\t\t\t\t\t\t\t\t\t\t\t\t\t\t\r\n\t\t\t\t\t\t\t\t\t\t\t\r\n\t\t\t\t\t\t\t\t\t\t\t\t\t\t\t\t\t\t\t\t\t<\/div>\r\n\t\t\t\t\t\t\t\t\t<\/div>\r\n\t\t\t\t\t\t\t\t<\/div>\r\n\t\t\t\t\t\t\t<\/div>\r\n\t\t\t\t\t\t\t\t\t\t\t<\/div>\r\n\t\t\t\t\r\n\t\t\t\t\t\t\t\t\t<div class=\"caption post-5329 post type-post status-publish format-standard has-post-thumbnail category-resinedesol category-terrazzo tag-compazzo tag-preparation-de-sol tag-resinedesol tag-terrazzo\">\r\n\r\n\t\t\t\t\t\t\t\t\t\t\t\t\t<div class=\"post-author-date\">\r\n\t\t\t\t\t\t\t\t\t\t\t\t\t\t\t\t\r\n\t\t\t\t\t\t\t\t\t\t\t\t\t\t\t\t\t\t\t\t\t\t\t\t\t\t<div class=\"post-date\">juin 18, 2025<\/div>\r\n\t\t\t\t\t\t\t\t\r\n\t\t\t\t\t\t\t\t\t\t\t\t\t\t\t<\/div>\r\n\t\t\t\t\t\t\t\t\t\t\t\t\t<div class=\"title\">\r\n\t\t\t\t\t\t\t\t<span class=\"title-h4 \"><a href=\"https:\/\/www.batreshyn.fr\/index.php\/2025\/06\/18\/compazzo-terrazzo-lelegance-minerale-dans-votre-interieur\/\" rel=\"bookmark\">Compazzo, terrazzo : l\u2019\u00e9l\u00e9gance min\u00e9rale dans votre int\u00e9rieur<\/a><\/span>\t\t\t\t\t\t\t<\/div>\r\n\t\t\t\t\t\t\r\n\t\t\t\t\t\t\r\n\t\t\t\t\t\t\t\t\t\t\t\t\t\t<div class=\"read-more-button\">\n<div class=\"gem-button-container gem-widget-button gem-button-position-inline\">\n\t<a id=\"\"\n\t   class=\"gem-button gem-button-size-small gem-button-style-outline\"\n\t   href=\"https:\/\/www.batreshyn.fr\/index.php\/2025\/06\/18\/compazzo-terrazzo-lelegance-minerale-dans-votre-interieur\/\">\n\t\t<span class=\"gem-inner-wrapper-btn\">\n\t\t\t<span class=\"gem-text-button\">\n\t\t\t\tVoir l'article\t\t\t<\/span>\n\t\t<\/span>\n\t<\/a>\n<\/div>\n<\/div>\r\n\t\t\t\t\t\t\t\t\t\t\t\t<\/div>\r\n\t\t\t\t\t\t\t<\/div>\r\n\t\t\t\t<\/div>\r\n\t\t\t\t\t\t\t\t\t<\/div><!-- .portflio-set -->\n\t\t\t\t\t\t\t\t\t\t\t\t\t\t\t\t\t\t\t<div class=\"portfolio-item-size-container\">\n\t\t\t\t\t\t\t\t\t\t\t\t<div class=\"portfolio-item col-xs-12 col-sm-6 col-md-4 item-animations-not-inited before-start post-empty-excerpt post-has-author post-5329 post type-post status-publish format-standard has-post-thumbnail category-resinedesol category-terrazzo tag-compazzo tag-preparation-de-sol tag-resinedesol tag-terrazzo\">\r\n\t\t\t<\/div>\r\n\t\t\t\t\t\t\t\t\t\t<\/div>\n\t\t\t\t\t\t\t\t\t\t\t\t\t\t\t\t\t<\/div><!-- .row-->\n\n\t\t\t\t\t\t\t\t\t\t\t\t\t\t\t\t\t\t<div class=\"portfolio-scroll-pagination\"><\/div>\n\t\t\t\t\t\t\t\t\t\n\t\t\t\t\t\t\t\t\n\t\t\t\t\t<\/div><!-- .full-width -->\n\t\t\t\t<\/div><!-- .portfolio-->\n\t\t\t<\/div><!-- .portfolio-preloader-wrapper-->\n\t\t\t\t\t\t<\/div>\n\t\t\t\t<\/div>\n\t\t\t\t\t<\/div>\n\t\t<\/div>\n\t\t\t\t\t<\/div><\/div>\r\n\t\t<\/section>\r\n\t\t\t\t<\/div>\n\t\t","protected":false},"excerpt":{"rendered":"<p>Nos r\u00e9alisations Clear Filters S\u00e9curiser les Rampes de Parking avec une R\u00e9sine Antid\u00e9rapante Pr\u00e9paration de sol R\u00e9sine de sol mars&#8230;<\/p>\n","protected":false},"author":2,"featured_media":0,"parent":0,"menu_order":0,"comment_status":"closed","ping_status":"closed","template":"page-fullwidth.php","meta":{"inline_featured_image":false,"footnotes":""},"class_list":["post-1015","page","type-page","status-publish"],"_links":{"self":[{"href":"https:\/\/www.batreshyn.fr\/index.php\/wp-json\/wp\/v2\/pages\/1015","targetHints":{"allow":["GET"]}}],"collection":[{"href":"https:\/\/www.batreshyn.fr\/index.php\/wp-json\/wp\/v2\/pages"}],"about":[{"href":"https:\/\/www.batreshyn.fr\/index.php\/wp-json\/wp\/v2\/types\/page"}],"author":[{"embeddable":true,"href":"https:\/\/www.batreshyn.fr\/index.php\/wp-json\/wp\/v2\/users\/2"}],"replies":[{"embeddable":true,"href":"https:\/\/www.batreshyn.fr\/index.php\/wp-json\/wp\/v2\/comments?post=1015"}],"version-history":[{"count":35,"href":"https:\/\/www.batreshyn.fr\/index.php\/wp-json\/wp\/v2\/pages\/1015\/revisions"}],"predecessor-version":[{"id":2705,"href":"https:\/\/www.batreshyn.fr\/index.php\/wp-json\/wp\/v2\/pages\/1015\/revisions\/2705"}],"wp:attachment":[{"href":"https:\/\/www.batreshyn.fr\/index.php\/wp-json\/wp\/v2\/media?parent=1015"}],"curies":[{"name":"wp","href":"https:\/\/api.w.org\/{rel}","templated":true}]}}